r?
False
Is 259503 prime?
False
Is 3847361 a composite number?
True
Is 44783 composite?
True
Is 122251 a prime number?
True
Is 22426 prime?
False
Is 1921 composite?
True
Is 529861 a prime number?
False
Is 2939 prime?
True
Is 945701 prime?
True
Is 52199 a composite number?
True
Is 8221 a composite number?
False
Is 46549 a composite number?
False
Is 316867 a composite number?
True
Is 35521 prime?
True
Is 47899 a prime number?
False
Is 853 a prime number?
True
Is 82541 a composite number?
True
Is 70639 composite?
False
Is 16217 a prime number?
True
Is 2681 a prime number?
False
Is 362479 prime?
False
Is 113641 prime?
False
Is 68711 a prime number?
True
Is 146233 a composite number?
True
Is 1898635 composite?
True
Is 8641 composite?
False
Is 504757 prime?
False
Is 38803 prime?
True
Is 950573 a prime number?
False
Is 948201 prime?
False
Is 38543 composite?
False
Is 8278 composite?
True
Is 673 composite?
False
Is 3274 a prime number?
False
Is 12658 prime?
False
Is 229457 composite?
True
Is 41621 a prime number?
True
Is 105991 prime?
False
Is 1398437 composite?
True
Is 3433 a composite number?
False
Is 29437 composite?
False
Is 264779 composite?
False
Is 332933 prime?
True
Is 31909 composite?
True
Is 20573 a prime number?
False
Is 7331 composite?
False
Is 15959 composite?
False
Is 127859 a composite number?
False
Is 190507 prime?
True
Is 1889 a prime number?
True
Is 103009 composite?
True
Is 4937 a prime number?
True
Is 11359 prime?
False
Is 220387 composite?
True
Is 257641 a composite number?
True
Is 4649422 composite?
True
Is 93785 a prime number?
False
Is 18779 a prime number?
False
Is 330661 a composite number?
False
Is 103927 a composite number?
True
Is 14969 a prime number?
True
Is 130265 prime?
False
Is 133519 a prime number?
True
Is 167747 composite?
False
Is 67003 prime?
True
Is 6931 a prime number?
False
Is 1683415 composite?
True
Is 6065 a prime number?
False
Is 127661 composite?
True
Is 245501 prime?
True
Is 6529 a composite number?
False
Is 50137 a prime number?
False
Is 891461 a composite number?
True
Is 38851 a composite number?
False
Is 153982 composite?
True
Is 89291 prime?
False
Is 1310923 a prime number?
True
Is 32251 composite?
False
Is 64739 a prime number?
False
Is 28759 a composite number?
False
Is 2353 composite?
True
Is 11113 prime?
True
Is 17093 a composite number?
False
Is 717 composite?
True
Is 52093 prime?
False
Is 2272063 a prime number?
False
Is 3503 composite?
True
Is 10801 a prime number?
False
Is 5353 a composite number?
True
Is 48073 composite?
False
Is 238487 a prime number?
False
Is 63197 a composite number?
False
Is 16331 a composite number?
True
Is 251599 composite?
True
Is 596813 composite?
True
Is 380041 composite?
False
Is 6733 a prime number?
True
Is 5557 prime?
True
Is 16057 a prime number?
True
Is 8791 a composite number?
True
Is 13829 a composite number?
False
Is 362839 prime?
False
Is 73171 prime?
False
Is 27017 composite?
False
Is 1219 prime?
False
Is 220127 prime?
False
Is 220123 composite?
False
Is 44182 a composite number?
True
Is 236326 composite?
True
Is 17363 prime?
False
Is 967 a prime number?
True
Is 213335 a prime number?
False
Is 27253 a prime number?
True
Is 6787 a composite number?
True
Is 8707 prime?
True
Is 25043 prime?
False
Is 4843 a composite number?
True
Is 9235 prime?
False
Is 28277 composite?
False
Is 12797 a composite number?
True
Is 63663 composite?
True
Is 160447 a composite number?
True
Is 415889 a prime number?
False
Is 1533171 composite?
True
Is 115487 prime?
False
Is 2063 composite?
False
Is 24437 prime?
False
Is 1548649 a prime number?
False
Is 3037 composite?
False
Is 1535497 a composite number?
False
Is 36755 a composite number?
True
Is 52567 a prime number?
True
Is 1395659 a composite number?
False
Is 1831 a prime number?
True
Is 3427 a composite number?
True
Is 27329 a prime number?
True
Is 3967 a composite number?
False
Is 30089 a composite number?
False
Is 35417 composite?
True
Is 3649 a prime number?
False
Is 41653 prime?
False
Is 34585 composite?
True
Is 43597 a prime number?
True
Is 177403 a prime number?
False
Is 398519 a prime number?
False
Is 3967 a prime number?
True
Is 9953 composite?
True
Is 109403 prime?
False
Is 212051 composite?
True
Is 11002 a composite number?
True
Is 40099 a composite number?
False
Is 87869 a composite number?
False
Is 414289 a composite number?
True
Is 17401 composite?
False
Is 3191 composite?
False
Is 78901 prime?
True
Is 2501 prime?
False
Is 138161 composite?
True
Is 4117 prime?
False
Is 1124787 composite?
True
Is 769 a prime number?
True
Is 14197 composite?
False
Is 330509 composite?
False
Is 360799 a composite number?
True
Is 30403 a composite number?
False
Is 70373 a prime number?
True
Is 1529747 prime?
False
Is 1090379 a prime number?
False
Is 159833 composite?
False
Is 53347 a composite number?
True
Is 161423 a composite number?
True
Is 732373 prime?
True
Is 25841 prime?
True
Is 28705 composite?
True
Is 1707935 a composite number?
True
Is 70687 composite?
False
Is 13261 prime?
False
Is 11249 a composite number?
True
Is 233237 a composite number?
True
Is 857243 composite?
True
Is 174593 prime?
False
Is 522659 composite?
False
Is 54751 composite?
False
Is 912805 a composite number?
True
Is 47189 prime?
True
Is 133901 a prime number?
False
Is 74821 a composite number?
False
Is 4835 a composite number?
True
Is 214707 composite?
True
Is 46399 a composite number?
False
Is 16183 prime?
True
Is 10831 a composite number?
False
Is 5173 prime?
False
Is 14081 a composite number?
False
Is 2223185 a prime number?
False
Is 36485 composite?
True
Is 87313 prime?
True
Is 68507 composite?
False
Is 991 composite?
False
Is 16333 a composite number?
False
Is 9287 composite?
True
Is 471749 prime?
True
Is 3559 a prime number?
True
Is 1991 prime?
False
Is 839261 composite?
False
Is 1139 prime?
False
Is 116761 composite?
True
Is 459257 a composite number?
False
Is 1003911 a prime number?
False
Is 9029 composite?
False
Is 691363 composite?
False
Is 57773 prime?
True
Is 8623 a prime number?
True
Is 2589599 prime?
True
Is 2260657 composite?
True
Is 1249 composite?
False
Is 9709927 a composite number?
False
Is 92767 prime?
True
Is 31646 a composite number?
True
Is 19889 a composite number?
False
Is 194239 composite?
False
Is 1637 prime?
True
Is 92299 a prime number?
False
Is 571471 prime?
True
Is 7493 a prime number?
False
Is 16571 composite?
True
Is 4303 prime?
False
Is 3763 composite?
True
Is 16871 composite?
False
Is 2381095 a composite number?
True
Is 131117 a composite number?
True
Is 3381881 composite?
False
Is 3821 a composite number?
False
Is 369139 a composite number?
True
Is 27023 a composite number?
True
Is 49721 a composite number?
True
Is 398747 prime?
False
Is 8737 composite?
False
Is 31721 a prime number?
True
Is 25819 prime?
True
Is 1198 a prime number?
False
Is 5939 prime?
True
Is 3899 a composite number?
True
Is 57481 composite?
True
Is 926105 a composite number?
True
Is 800861 composite?
False
Is 104579 a prime number?
True
Is 18431 a composite number?
True
Is 709297 prime?
False
Is 30059 a composite number?
False
Is 81709 composite?
True
Is 1627967 prime?
False
Is 10379 a prime number?
False
Is 16255 a prime number?
False
Is 118949 composite?
True
Is 332867 prime?
False
Is 43069 a prime number?
False
Is 139687 a composite number?
True
Is 685 a composite number?
True
Is 45163 a prime number?
False
Is 230513 a composite number?
True
Is 32937 composite?
True
Is 2427 a prime number?
False
Is 5623 prime?
True
Is 1438517 a prime number?
True
Is 457369 a prime number?
False
Is 71569 prime?
True
Is 90213 a prime number?
False
Is 31783 composite?
True
Is 110681 composite?
False
Is 85151 a composite number?
True
Is 1126159 a composite number?
False
Is 17729 a prime number?
True
Is 192737 a composite number?
False
Is 2159 prime?
False
Is 2521 composite?
False
Is 17947 a composite number?
True
Is 114407 prime?
True
Is 2609 composite?
False
Is 670763 composite?
False
Is 140471 composite?
True
Is 253991 composite?
True
Is 101323 prime?
True
Is 2492657 a prime number?
True
Is 647302 a prime number?
False
Is 18344333 a prime number?
False
Is 109637 composite?
True
Is 1725533 a prime number?
False
Is 449 prime?
True
Is 2053 prime?
True
Is 647141 prime?